{"id":172,"date":"2016-11-26T10:15:07","date_gmt":"2016-11-26T10:15:07","guid":{"rendered":"http:\/\/parkanonkamppailu.fi.144-76-69-251.luminka.com\/?page_id=172"},"modified":"2024-01-13T12:14:31","modified_gmt":"2024-01-13T12:14:31","slug":"seuran-historia","status":"publish","type":"page","link":"https:\/\/parkanonkamppailu.fi\/?page_id=172","title":{"rendered":"Seuran historia"},"content":{"rendered":"\n<p>Parkanon kamppailuseura ry. on alunperin vuonna 1989 perustettu karateseura. Seura toimi pitk\u00e4\u00e4n nimell\u00e4 Parkanon Shotokan karate -do ry. Toiminta kuitenkin hiipui 2000-luvun alkupuolella. Seuran toiminta alkoi uudestaan tauon j\u00e4lkeen vuonna 2012.<\/p>\n\n\n\n<p>Seuran ensimm\u00e4inen&nbsp;tyylisuunta oli siis Shotokan karate. Alkuvuosina kilpailutoimintaan osallistuminen oli aktiivista ja menestyst\u00e4kin saavutettiin, aina Shotokan karaten Euroopanmestaruus-kisoissa saakka. Seuraan tuli my\u00f6s useita SM-mitaleja. Seuran p\u00e4\u00e4valmentajana toimi Jarkko Vainionp\u00e4\u00e4 2.dan.<\/p>\n\n\n\n<p>Ensimm\u00e4inen peruskurssi alkoi 25.9.1989 Parkanon puntilla. Saliin kokoontui jopa 97 kaiken ik\u00e4ist\u00e4 karatesta kiinnostunutta. Seuraavallekin kurssille saapui noin 50 uutta ja innokasta. Seuran toiminta laajeni 1990-luvun alkupuolella&nbsp;my\u00f6s Karviaan.<\/p>\n\n\n\n<p>2000- luvulle tultaessa seuran toiminta hiipui v\u00e4hitellen j\u00e4\u00e4den kokonaan tauolle noin vuonna 2002.<\/p>\n\n\n\n<p>Uudestaan toiminta alkoi syksyll\u00e4 2012. T\u00e4ll\u00f6in Juha Tuominen aloitti ensimm\u00e4isen Koryu Uchinadi karaten peruskurssin Parkanossa. Ryhm\u00e4\u00e4n liittyi my\u00f6s monia aiemmin Shotokan karatea treenanneita konkareita.<\/p>\n\n\n\n<p>Ps. ensimm\u00e4isest\u00e4 peruskurssista on kulunut jo yli 30 vuotta!<\/p>\n\n\n\n<p>Viime vuodet toiminta on ollut paikkakunnan kokoon n\u00e4hden varsin vilkasta. Seuralla on ollut koko ajan aktiivisia j\u00e4seni\u00e4 35-45 v\u00e4lill\u00e4. Harjoituksia on viikoittain yhteens\u00e4 5-6 kappaletta eri ryhmille. My\u00f6skin kilpailutoimintaa on harjoitettu pienimuotoisesti jo useita vuosia. <\/p>\n","protected":false},"excerpt":{"rendered":"<p>Parkanon kamppailuseura ry. on alunperin vuonna 1989 perustettu karateseura. Seura toimi pitk\u00e4\u00e4n nimell\u00e4 Parkanon Shotokan karate -do ry. Toiminta kuitenkin hiipui 2000-luvun alkupuolella. Seuran toiminta alkoi uudestaan tauon j\u00e4lkeen vuonna 2012. Seuran ensimm\u00e4inen&nbsp;tyylisuunta oli siis Shotokan karate. Alkuvuosina kilpailutoimintaan osallistuminen oli aktiivista ja menestyst\u00e4kin saavutettiin, aina Shotokan karaten Euroopanmestaruus-kisoissa saakka. Seuraan tuli my\u00f6s useita SM-mitaleja. Seuran p\u00e4\u00e4valmentajana toimi Jarkko Vainionp\u00e4\u00e4<\/p>\n","protected":false},"author":2,"featured_media":410,"parent":0,"menu_order":0,"comment_status":"closed","ping_status":"closed","template":"template-fullwidth.php","meta":{"footnotes":""},"class_list":["post-172","page","type-page","status-publish","has-post-thumbnail","hentry"],"_links":{"self":[{"href":"https:\/\/parkanonkamppailu.fi\/index.php?rest_route=\/wp\/v2\/pages\/172","targetHints":{"allow":["GET"]}}],"collection":[{"href":"https:\/\/parkanonkamppailu.fi\/index.php?rest_route=\/wp\/v2\/pages"}],"about":[{"href":"https:\/\/parkanonkamppailu.fi\/index.php?rest_route=\/wp\/v2\/types\/page"}],"author":[{"embeddable":true,"href":"https:\/\/parkanonkamppailu.fi\/index.php?rest_route=\/wp\/v2\/users\/2"}],"replies":[{"embeddable":true,"href":"https:\/\/parkanonkamppailu.fi\/index.php?rest_route=%2Fwp%2Fv2%2Fcomments&post=172"}],"version-history":[{"count":9,"href":"https:\/\/parkanonkamppailu.fi\/index.php?rest_route=\/wp\/v2\/pages\/172\/revisions"}],"predecessor-version":[{"id":409,"href":"https:\/\/parkanonkamppailu.fi\/index.php?rest_route=\/wp\/v2\/pages\/172\/revisions\/409"}],"wp:featuredmedia":[{"embeddable":true,"href":"https:\/\/parkanonkamppailu.fi\/index.php?rest_route=\/wp\/v2\/media\/410"}],"wp:attachment":[{"href":"https:\/\/parkanonkamppailu.fi\/index.php?rest_route=%2Fwp%2Fv2%2Fmedia&parent=172"}],"curies":[{"name":"wp","href":"https:\/\/api.w.org\/{rel}","templated":true}]}}